2 and 28.
14
What is the highest common divisor of 112 and 998983664?
112
Calculate the highest common factor of 13093525 and 225.
25
Calculate the greatest common divisor of 711 and 38213327.
79
Calculate the greatest common factor of 315825 and 1923.
3
Calculate the greatest common divisor of 2031744 and 2144.
32
Calculate the highest common divisor of 73456 and 1728.
16
What is the greatest common divisor of 19383 and 396675864?
2769
What is the greatest common divisor of 3314550 and 21270?
30
Calculate the highest common factor of 42930176 and 446.
446
Calculate the highest common divisor of 9624 and 554230120.
3208
What is the greatest common divisor of 1177383 and 516?
129
What is the greatest common factor of 656137 and 3569?
43
Calculate the highest common divisor of 2741928 and 4788.
1596
What is the highest common divisor of 335803 and 403?
13
Calculate the greatest common factor of 10890895 and 190.
95
Calculate the highest common factor of 475 and 2665928.
19
What is the highest common divisor of 274598 and 1042406?
2666
Calculate the highest common factor of 8774258 and 2133314.
8926
What is the greatest common factor of 164 and 67191415?
41
Calculate the greatest common divisor of 50 and 3070490.
10
Calculate the greatest common factor of 137360529 and 18.
9
What is the greatest common divisor of 74952 and 358824?
24
What is the greatest common divisor of 10843389 and 4374?
243
What is the greatest common factor of 1168772688 and 5358?
5358
What is the greatest common factor of 2758570 and 170?
10
What is the highest common factor of 285 and 107399685?
285
Calculate the greatest common factor of 793646 and 10624.
166
Calculate the highest common divisor of 5638092 and 1020.
12
What is the highest common divisor of 669294 and 266779?
361
What is the highest common factor of 110253 and 9763?
13
Calculate the greatest common divisor of 623801990 and 70.
70
What is the highest common factor of 462749555 and 93?
31
What is the greatest common divisor of 210145 and 1742587?
3233
Calculate the greatest common divisor of 12114 and 43559925.
2019
What is the greatest common divisor of 528 and 20718456?
264
Calculate the greatest common factor of 288152 and 7327976.
1592
What is the highest common factor of 194 and 10921909?
97
What is the highest common divisor of 16810 and 18585136?
3362
What is the highest common factor of 8 and 5125452?
4
Calculate the highest common divisor of 104436 and 92448.
108
What is the greatest common divisor of 305 and 136822085?
305
Calculate the highest common divisor of 9195525 and 18525.
1425
What is the greatest common factor of 15774 and 21604?
22
What is the greatest common factor of 1450 and 253860?
10
What is the greatest common divisor of 461284 and 316?
4
What is the greatest common factor of 2434784 and 84832?
352
What is the highest common divisor of 2852 and 2003468?
124
What is the highest common factor of 14131543 and 951?
317
What is the greatest common factor of 19074 and 11626181?
289
What is the highest common factor of 2899356 and 201856?
332
What is the greatest common factor of 417048740 and 10?
10
Calculate the highest common factor of 5 and 13510540.
5
Calculate the greatest common factor of 48743352 and 3808.
952
Calculate the highest common divisor of 128881281 and 1095.
219
Calculate the greatest common factor of 1338079 and 308524.
137
Calculate the highest common divisor of 250 and 1478875.
125
Calculate the highest common factor of 56 and 13459054.
14
What is the highest common divisor of 398 and 19816022?
398
Calculate the highest common divisor of 10285 and 1045.
55
Calculate the highest common divisor of 23923 and 10883438.
509
Calculate the highest common divisor of 894690 and 960.
30
What is the highest common factor of 81405760 and 6390?
710
What is the highest common divisor of 103 and 12525521?
103
Calculate the highest common divisor of 1234675 and 255229.
377
What is the highest common divisor of 1953994 and 126?
14
Calculate the greatest common factor of 3990 and 288225.
105
What is the highest common factor of 102843 and 136890?
351
Calculate the highest common divisor of 916619 and 6831.
253
Calculate the greatest common factor of 2833823 and 54014.
239
What is the greatest common factor of 2073643 and 512941?
2431
What is the highest common divisor of 3000 and 367176?
24
Calculate the highest common divisor of 75 and 6761490.
15
Calculate the highest common divisor of 90743221 and 19.
19
What is the highest common divisor of 23007012 and 1580?
316
Calculate the highest common divisor of 720435 and 915.
15
Calculate the highest common factor of 17135487 and 2634.
1317
Calculate the greatest common factor of 9317 and 1904903.
847
What is the highest common divisor of 507570 and 1890?
210
Calculate the greatest common factor of 510 and 2998728600.
510
What is the highest common factor of 272492 and 5324?
484
Calculate the highest common divisor of 280545 and 435.
15
What is the greatest common factor of 30827 and 20329?
29
What is the highest common factor of 22811085 and 40095?
1485
What is the greatest common factor of 553086 and 38358?
18
Calculate the highest common divisor of 1232104 and 157508.
932
What is the highest common factor of 158140 and 9740?
20
What is the highest common factor of 78215937 and 1578?
789
What is the highest common factor of 43125 and 2289075?
1725
Calculate the greatest common divisor of 69088550 and 17250.
1150
Calculate the greatest common divisor of 76 and 52297918.
38
Calculate the highest common divisor of 214415072 and 9168.
3056
Calculate the highest common divisor of 32725 and 1984325.
2975
Calculate the greatest common divisor of 2270 and 956410.
10
Calculate the highest common divisor of 344 and 27556868.
4
Calculate the greatest common divisor of 125509140 and 327.
327
Calculate the greatest common divisor of 42 and 1479338.
14
Calculate the highest common divisor of 3082 and 3737837272.
3082
What is the highest common divisor of 56 and 97220544?
8
What is the highest common factor of 3199468 and 544?
68
Calculate the greatest common divisor of 9 and 7122957.
3
Calculate the highest common divisor of 8 and 10620408.
8
Calculate the highest common divisor of 17944 and 12928.
8
Calculate the highest common divisor of 230784 and 1848.
24
What is the highest common factor of 2927974 and 3157?
287
What is the greatest common divisor of 71102649 and 873?
291
Calculate the greatest common factor of 169 and 4591223.
169
What is the greatest common divisor of 36 and 6993756?
36
What is the greatest common factor of 9 and 29870901?
9
Calculate the greatest common divisor of 5191 and 288369.
179
What is the greatest common factor of 180343 and 4439?
23
Calculate the highest common divisor of 33125 and 2056400.
1325
What is the greatest common factor of 911106 and 84?
42
What is the greatest common divisor of 2745 and 724768389?
549
What is the greatest common factor of 1688 and 35502227?
211
Calculate the greatest common factor of 48 and 1042044.
12
Calculate the highest common factor of 205741117 and 311.
311
Calculate the greatest common factor of 1599845 and 3775.
755
What is the highest common divisor of 35 and 4871?
1
What is the greatest common divisor of 19137658 and 296?
74
What is the highest common divisor of 27625 and 20397?
13
What is the highest common divisor of 7544 and 1845656?
328
Calculate the highest common divisor of 18186612 and 25720.
2572
What is the highest common divisor of 705 and 2289855?
15
Calculate the greatest common factor of 15680 and 8330.
490
Calculate the greatest common factor of 3676084 and 16.
4
What is the greatest common divisor of 2712 and 39204672?
2712
What is the highest common factor of 109890 and 2070?
90
What is the highest common factor of 338936 and 12532?
52
What is the greatest common factor of 1488 and 381492?
12
Calculate the greatest common divisor of 332192 and 16688.
112
What is the highest common divisor of 26803773 and 153?
9
What is the greatest common divisor of 525516015 and 60?
15
Calculate the greatest common factor of 29190530 and 493.
493
What is the highest common factor of 12000 and 575?
25
Calculate the greatest common divisor of 549 and 3820329.
9
What is the gre